. Is j(h) composite?
False
Let f(x) = 12*x**2 - 9*x - 12. Let t be f(-6). Let r = t + 197. Is r composite?
True
Let f(x) = -5*x**2 - 4*x - 2. Let a be f(-1). Let l be 3 - 1 - (-2599 + a). Let i = -1061 + l. Is i prime?
True
Suppose -116632 = 29*u - 30*u + t, -u = 5*t - 116674. Is u prime?
True
Let p(f) = 4*f + 43. Let l be p(-8). Is (l/(-3) + 4)/((-3)/(-6687)) a prime number?
True
Suppose -129 = -138*w + 135*w. Suppose 35*h + 2344 = w*h. Is h a composite number?
False
Let n = 4250 - -6597. Is n prime?
True
Let t = 151 + -148. Suppose 2*k - 5*h - 2496 = 0, -3765 = -6*k + 3*k - t*h. Is k composite?
True
Let l(f) = -f**2 + 2*f + 440. Let k be l(22). Let n = 9711 - 5108. Suppose 42*b - 43*b + n = k. Is b a composite number?
False
Suppose 43*r - 41*r - 2260508 = 0. Is r prime?
False
Let w be (60/(-100))/((-9)/21105). Let r be -461*(-2)/((-2)/(-7)). Suppose 2*o - r = w. Is o prime?
False
Let o(a) = 11*a + 107. Let b be o(-6). Suppose 7*z - b*z = -470186. Is z composite?
False
Let f(b) = 32*b + 85. Let r(n) = -161*n - 425. Suppose 98 = 9*a - 1. Let u(g) = a*f(g) + 2*r(g). Is u(29) prime?
False
Let w(o) be the third derivative of 17795*o**4/24 - 81*o**3/2 - 2*o**2 + 6*o. Is w(4) prime?
True
Let v(k) = 3*k**2 - 2*k - 45. Let j be v(19). Let g = -23 + 25. Suppose 0 = -g*r + 982 + j. Is r a prime number?
True
Suppose 3*o = 9, -5*o - 182946 = -4*d + 135163. Is d composite?
False
Suppose 5*w = s + 10, -2*w = -6*w + 16. Let g = s - 10. Suppose m - 3*n = 1148, g*n = -2*m + 2*n + 2276. Is m a composite number?
True
Let d(s) = 918*s + 44. Let o(y) = -1377*y - 66. Let c(a) = -7*d(a) - 5*o(a). Is c(1) prime?
False
Let p = -890 - -1421. Suppose 138 - p = -f. Is f a composite number?
True
Suppose 0 = 3*h + 4*r - 157660, 6*h - 10*h + 4*r + 210232 = 0. Suppose -h = -5*x + 3*d, -x + 2*x - 10519 = -2*d. Is x a composite number?
False
Let k be (-34)/(-8) - (-1 - (-5)/4). Let n be (-3 + (-30332)/k)*-1. Suppose 0*h + n = 2*h. Is h prime?
True
Let j(h) = 33*h**2 + 28*h + 20. Let m(v) = 4*v**2 + 22*v - 1. Let n be m(-6). Is j(n) a prime number?
False
Suppose -8*h = -9*h - l - 6, 42 = -2*h + 4*l. Let i(a) = 116*a**2 + 7*a + 38. Is i(h) composite?
False
Let b = -66 - -72. Suppose 2*a + 2*j = 6, 3*j = -4*a + b*j + 5. Suppose 0 = -a*s + 1829 + 399. Is s composite?
True
Let l = 39 + -39. Suppose 6*q - 16*q + 30 = l. Suppose o = -4*o - 25, q*p = -4*o + 1045. Is p a composite number?
True
Let t be -8 - -4 - (-137 - -4). Let k = 250 + t. Is k a prime number?
True
Let b = 21810 + 361. Is b a prime number?
True
Let q = -30 + 55. Suppose -6*s + q = -s. Is (-2)/s - (-15702)/30 composite?
False
Let v = -8 - 9. Let k = 20 + v. Suppose k*f - 901 = -4*p, 2*p + 2*p - 883 = 3*f. Is p prime?
True
Let g = -143461 + 203330. Suppose -g - 103071 = -20*u. Is u a prime number?
True
Let c be (-6 + 14)*(-6)/8. Let g(f) = 5*f**2 + 10*f - 11. Let a be g(c). Suppose -d = -3*j + 100, 0 = -3*j + 3*d - 13 + a. Is j a prime number?
False
Let i(d) = d**2 - 10*d + 16. Let g be i(8). Suppose -2*o = 2*b - g*o - 32, 4*o - 4 = 0. Suppose 21*n - b*n = 7122. Is n a prime number?
True
Is (0 - 602365)/(-18 + 13) prime?
True
Suppose -3*a + x + 1568658 = 0, 2*a + 54919 = x + 1100688. Is a a composite number?
True
Suppose -10655 = 16*k - 155359. Suppose 4*d = -4*b - 4422 + 40646, 5*d = -b + k. Is b a prime number?
True
Let i(m) = -5308*m - 2097. Is i(-10) a prime number?
False
Suppose n + 0*n - 254 = 0. Suppose 2*i = 5*k - 321, 0 = 4*k - i - 2*i - n. Suppose -13*m + 18*m = k. Is m prime?
True
Let u(i) be the third derivative of -20*i**2 - 1/60*i**5 + 0*i + 5/8*i**4 + 0 - 4/3*i**3. Is u(9) a prime number?
False
Let k = 65708 + -36699. Is k a prime number?
True
Let s be (-11 - (-5 - 0)) + -76. Suppose r + j = -j + 405, 417 = r - j. Let i = r + s. Is i composite?
False
Let t(m) be the first derivative of -3318*m**2 + 409*m - 61. Is t(-5) composite?
False
Suppose 35*v - 39*v = f - 277129, -f + 138567 = 2*v. Is v composite?
True
Is ((-119)/(-85) + 4598792/(-5))/(-1) composite?
False
Let h(g) be the first derivative of 16*g**3/3 - 53*g**2/2 - 7*g + 169. Is h(-12) composite?
True
Is 394881 + 40/30*3 prime?
False
Is ((-10677898)/132)/((-1 + 3)/(-12)) a prime number?
False
Suppose 0*y + 18 = 9*y. Suppose 0*m + 9491 = 4*t - m, 5*t = -y*m + 11880. Suppose v + p - 593 = 0, 4*v - t = -7*p + 2*p. Is v a prime number?
False
Suppose 4*r - 62 = -54. Let g be -4 - 1/(r/80). Let b = g + 445. Is b composite?
False
Let v be (12/9)/(-4)*(527 + 4). Let w = v - -428. Is w composite?
False
Let c(u) = -46436*u - 303. Is c(-4) a composite number?
False
Let i(t) = 14*t**3 - 3*t + 2. Suppose 3*q + 2*w = 5 + 6, -4*q - 4*w = -16. Let h be i(q). Suppose -4*o + 3*k = -h, 5*k = -3*o + 45 + 197. Is o a prime number?
True
Let k(o) = -15677*o + 1784. Is k(-7) prime?
False
Let k(s) = 134*s - 25. Let q(x) = -133*x + 25. Let t(a) = -2*k(a) - 3*q(a). Is t(4) a composite number?
False
Suppose -2*h - 1 = -9. Suppose 4*b + h*c - 895 - 5865 = 0, b = -2*c + 1687. Is b prime?
True
Let l(q) be the third derivative of 479*q**5/12 - 7*q**4/24 - q**3/6 + 3*q**2 - 11. Is l(-2) prime?
False
Suppose 226189 = 5*m - 4*c, 3*m + 7*c - 135723 = 11*c. Is m composite?
False
Let w(u) = 151*u + 2. Suppose -7*b = -15*b + 16. Let z(x) = -301*x - 3. Let q(d) = b*z(d) + 5*w(d). Is q(1) a composite number?
False
Let t(s) = -131*s + 1. Let d(m) = -27*m - 13 - 11 - 10*m - 2*m**2. Let p be d(-18). Is t(p) composite?
False
Let d = -85213 - -124622. Is d a composite number?
False
Let b be (-1 - (-2)/(-2))*(-90)/(-12). Let k(v) = 26*v**2 + 23*v + 118. Is k(b) a prime number?
True
Suppose -5*j + 36 = 36. Let u(z) = -z**2 - z + 21851. Is u(j) prime?
True
Let f = 684 + -679. Suppose 2*j + 3*u = 4767, -2366 = -4*j + 3*j - f*u. Is j prime?
False
Suppose 2*a + 2*g - 241074 = 0, -g = -3*a - 2*a + 602709. Is a a composite number?
True
Suppose 19*k - 14*k - 80 = 4*l, l - 45 = -2*k. Suppose -22*t = -k*t - 16. Is (-673)/(29/(-7) - t/(-2)) a prime number?
False
Let p(n) = 11*n - 65. Let j(o) = -11*o + 64. Let a(i) = 5*j(i) + 6*p(i). Let w be a(6). Is 16507/34 - (-2)/w a composite number?
True
Let d = -18187 + 18816. Is d composite?
True
Is (66/77)/((-10)/(-252245)) composite?
True
Suppose 63492 + 4989 = 21*z. Suppose 7*l + z = 18038. Is l a composite number?
False
Let b(x) = x**3. Let t be ((-12)/(-10))/((-18)/(-45)). Let i(o) = 51*o**3 - 4*o**2 - o. Let q(r) = t*b(r) - i(r). Is q(-3) composite?
True
Suppose 0 = -4*h + 6*h - 5*k - 7, 5*k = -2*h + 17. Suppose 12 + 30 = h*u. Let o(n) = 124*n + 3. Is o(u) a prime number?
False
Suppose 1014275 = -16*c + 23*c + 18*c. Is c prime?
False
Let r be 1/(-3) - 8761/(-3). Let d = -1709 + r. Is d composite?
True
Let i be 11/5 + 1 + (-6)/5. Suppose 5*b + i*b = -14. Is (2 - 1665)*2*b/4 composite?
False
Let g = -36 + 53. Let t(s) = 2*s**2 - g*s**3 - 8*s + 28*s - 10*s + 7 - 5*s. Is t(-3) prime?
False
Let b(w) = 2335*w - 174. Is b(13) a composite number?
False
Let q(d) = -9*d + 4. Let l be q(-9). Suppose 3*b = -58 + l. Is b/(36/(-16)) - -41 a composite number?
False
Suppose 2*k + 3*t = -0*k - 5645, -2*t + 14160 = -5*k. Suppose -288 = 10*r - 28*r. Is (-8)/r + k/(-4) a prime number?
False
Let l = 25184 + 7721. Is l prime?
False
Suppose 10*n + 141 = 57*n. Suppose -n*d = -4*k - 2086, 2*d + 2*k - 663 - 723 = 0. Is d a prime number?
False
Let z(s) = s**2 + 8*s - 8. Let a be z(-8). Let f(u) = 357*u**2 - 6*u + 25. Is f(a) a composite number?
False
Suppose 0 = 5*x - 10, -5*x - 6 = -2*v - 8*x. Suppose r - 4*k = -2*k + 1191, -r + 5*k + 1194 = v. Is r composite?
True
Suppose -c = 4 - 13. Let p be (-384)/(-18) - (-6)/c. Is 4/p - (-15771)/77 composite?
True
Let i be 4*(-27)/42 + 12/(-28). Is (i - -5)*(-48310)/(-4)*1 prime?
False
Suppose 5 = -t, 9*t - 4*t - 4990 = -5*c. Let m = c + -2028. Let f = -702 - m. Is f composite?
True
Let s be (-15090)/(-24) - (-1)/4. Suppose 2*k + 623 = 3*z, 0 = -3*z - 0*z - k + s. Is (-9)/6 + z/2 a composite number?
False
Let a(r) be the third derivative of 3371*r**5/60 - r**4/8 - r**3/2 - 15*r**2. Let x be a(-1). Let t = x + -2220. Is t a prime number?
True
Let a be 0 + 8 - 27/(4 - -5). Suppose -a*r = -3*s + 553 + 1424, r = 3*s - 1965. Let g = s + -261. Is g composite?
True
Let y(x) = -3*x**2 + 4*x + 13. Let m be y(-31). Let h = m - -7615. Is h a composi